2. Give a(4).
4
Let m(u) = -u**2 - 5*u + 10. Suppose 10 = 2*t, 2*a - 64*t = -59*t - 43. Give m(a).
-26
Let j be 2/(-6) - 5/((-15)/(-2)). Let l(h) = h**2 - 8*h + 8. Let f(r) = -5*r**2 + 50*r - 50. Let x(v) = 4*f(v) + 25*l(v). What is x(j)?
5
Suppose 12*u = 5*u + 35. Let h(k) be the third derivative of -k**4/24 - 7*k**3/6 - 4*k**2. Calculate h(u).
-12
Let m be 2/4 - 13/26. Let j(f) = f - 5. Calculate j(m).
-5
Let g(b) = 4*b - 1. Let f = -163 - -164. Determine g(f).
3
Let p(z) be the first derivative of z**2 - 4*z + 6. Let a be p(7). Let l(j) = -4*j**2 - 3*j - 9*j + a*j - 2 + j**3. Give l(4).
-10
Suppose -11 = -3*f - 2. Let d be (f + -4)/1*-2. Let b(n) = 2*n**2 + 8*n - n**d + 19 - 35 + 19. Determine b(-5).
-12
Suppose -3*h + 24 = 3. Suppose q = -j + 9, h*j - 12 = 3*j. Let c(p) = p**3 + 0*p**2 - 2 - 4*p - q*p**2 + 8*p + p**2. Calculate c(3).
-8
Suppose -7 = -3*h + 71. Let o be 5 + -5 + h/2. Let l = o + -10. Let q(x) = x**2 - 4*x + 4. Calculate q(l).
1
Let g = -230 + 234. Let y(f) = 2*f**2 - 7*f + 5. What is y(g)?
9
Let y(g) be the first derivative of -g**4/4 + 4*g**3/3 - g**2/2 + 6*g + 47. Determine y(4).
2
Let x = 1251 - 1249. Let s(w) = 4*w**2 - 2*w. Calculate s(x).
12
Let n be 1/(10/6) - (-12)/30. Let q(k) be the third derivative of k**5/30 - k**4/12 + k**3/6 - 2*k**2. Determine q(n).
1
Suppose 0 = -4*c - 1 + 197. Let a = c + -43. Let k(q) = -4*q**2 + q**3 - q**2 + 0*q - 2*q - 5*q. What is k(a)?
-6
Let o(b) = -5*b - 12. Let x(y) = -2*y - 5. Let q(g) = -o(g) + 3*x(g). Give q(-3).
0
Let g be -3*(-14)/(-189) - (-21)/(-27). Let l(q) = 7*q**2 + 2*q + 1. Give l(g).
6
Let m(i) = i**3 - i - 7. Let g be m(0). Let x(v) be the first derivative of -v**3/3 - v**2 + 6*v - 298. Calculate x(g).
-29
Let m(x) be the first derivative of -x**3/3 + 9*x**2/2 - 7*x + 2. Suppose -69*v = -74*v - 155. Let p = -25 - v. Determine m(p).
11
Let j(s) be the second derivative of 1/10*s**5 + 21*s + 1/3*s**4 + 0 + 0*s**2 - 1/6*s**3. Determine j(-3).
-15
Let v = 538 + -537. Let w(p) = 6*p**3 + 4*p - 3. Determine w(v).
7
Let r(j) = -j + 40. Let a be -7*18/(-42) - 3. Determine r(a).
40
Let w(f) = -5*f**2 - 5*f + 7. Let l(b) = -4*b**2 - 3*b + 7. Let r(n) = -4*l(n) + 3*w(n). Calculate r(-3).
11
Let f = 3 + -1. Suppose -7*i + 2*i = -2*i. Let p(y) = 7*y - 1 + f - 4 + i*y - y**2. Calculate p(3).
9
Let n(h) = -h**2 + 12*h - 25. Let u be n(9). Suppose -m - 4*m + 15 = 0. Suppose -x - 8 = u*o + 4, m*x = 5*o + 8. Let j(t) = 4*t + 6. Give j(x).
-10
Let a = -10 + 14. Let b(i) = 23*i**3 - 44*i**3 - 2 + 4*i + 20*i**3 - a*i**2. Suppose 10 = 2*u - 4*u. Give b(u).
3
Let k(p) = p**3 - 17*p**2 + 25*p - 134. Let q be k(16). Let z(y) = y - 8. Determine z(q).
2
Let f(q) = -8*q - 5. Let i = -209 - -213. What is f(i)?
-37
Let f(h) = -h - 2. Let v = -381 + 390. Calculate f(v).
-11
Let a(l) be the first derivative of 8*l**2 + 2*l + 127. Determine a(-3).
-46
Let s = -18 - -11. Let v(f) = 39*f**2 - 7*f + 1. Let i(r) = 88*r**2 - 14*r + 2. Let u(x) = -4*i(x) + 9*v(x). What is u(s)?
1
Let q(l) = l**3 + 7*l**2 + 3*l + 94. Let y be q(-8). Let o(c) be the third derivative of c**5/60 - c**4/4 - 5*c**3/6 + c**2. What is o(y)?
-5
Let j(d) = 5*d**3 - 25*d**2 + 4 - 6 - 6*d**3 + 28*d**2 + 2*d. Suppose -4*x + 17 = 5. Determine j(x).
4
Let g(r) = -5*r**2 + 9*r + 36. Let s be g(4). Let k(z) = z**2 + 7*z - 3. Give k(s).
5
Let u(x) be the first derivative of -2*x**2 - 11*x - 93. Determine u(-8).
21
Suppose o + 1 = 3*z - 4, -20 = 3*z + 4*o. Let w = 0 + z. Suppose 0 = -w*m + 3*m - 6, 2*m = -2*s + 12. Let a(t) = -t**2 + 3*t + 3. Give a(s).
-1
Let m(q) = -2*q + 5*q**3 - 2*q**3 + 0*q**3 + 4*q**2 + 8*q**3 - 12*q**3. Give m(2).
4
Let k(v) = v**3 - 7*v**2 - 3*v + 1. Let s(u) = -u**3 + 6*u**2 + u. Let c(g) = -3*k(g) - 4*s(g). Give c(3).
12
Let a(k) be the first derivative of -k**4/4 - 13*k**3/3 + 19*k**2/2 + 17*k + 367. Give a(-14).
-53
Let d(h) = -8*h**2 + h. Suppose g - 85 = -3*c, 4*g - 73 + 213 = 4*c. Let z = -18 + c. Suppose 4*f - 14 = -5*s, -2*f - 4*s + z = 2*f. Calculate d(f).
-7
Let v(y) = y + 1. Let d be -3 - -6 - (-1 + (3 - -4)). Let f(j) = -4*j. Let u(l) = -8*l + 1. Let n(i) = 14*f(i) - 6*u(i). Let p(z) = d*n(z) - 21*v(z). Give p(5).
12
Let r(u) = 4*u + 6. Let c be r(-2). Let h(d) = d + 6. Let a(p) = 5*p + 30. Let b(v) = c*a(v) + 11*h(v). Give b(0).
6
Let i(w) = -2*w + 4. Let k(h) = 54*h**3 + h**2 + h - 1. Let y be k(1). Suppose -20*z = -9*z + y. What is i(z)?
14
Suppose 19*z + 48 = 7*z. Let j(l) = -l - 2. Let f(q) = -q - 2. Let p(v) = -2*f(v) + 3*j(v). What is p(z)?
2
Let s(l) = -6 + 0*l - 15*l + 10*l. Let b(m) = 14*m + 18. Let f(i) = 4*b(i) + 11*s(i). Calculate f(-10).
-4
Suppose -5*q + 14 = -2*c, 4*q - 2*c = 2*c + 16. Let h(a) = -3*a**2 - 2*a**2 - a**3 + q + 3*a**2 + 2*a + 0. Determine h(-2).
-2
Suppose 9*k - 7 = 2*k. Let x(z) be the first derivative of -13*z**3/3 + z**2/2 + 24. Calculate x(k).
-12
Suppose -6 = 3*c, 0*k - 3*k + 23 = -4*c. Let g(b) = b**2 - 4*b + 3. What is g(k)?
8
Let b(r) = 4*r - 1. Let l(w) = w. Let o(m) = b(m) + l(m). Let k(n) = -n - 4. Let t(y) = y**3 + 9*y**2 + 2*y + 13. Let u be t(-9). Let a be k(u). What is o(a)?
4
Let b(m) = m**2 + 5*m - 2. Let a(z) = -z**2 - 14*z - 13. Let x be a(-11). Suppose c = -5*v - x, 4*c + 3 = v + 7. Determine b(v).
-6
Let o be 2/(-5) - 39*(-11)/(-165). Let h(m) = -2*m + 0*m - 2 - m. Determine h(o).
7
Let n = -1 + 1. Let m(l) = -3*l - 5. Let w(h) = -h - 2. Let q(x) = 6*m(x) - 17*w(x). Give q(n).
4
Let p(s) = s**3 + 7*s**2 - 2*s - 6. Suppose 0 = -5*l - 5, 2*m = l + 43 + 8. Let f = m - 32. What is p(f)?
8
Let g(n) = -5*n + 5 + 5*n + 2*n**2 + 3*n. Determine g(-3).
14
Let n(i) = -i**2 + i + 2. Let r be n(0). Let d(l) = -2*l**2 + 15 + l**2 + l - 3 - 10 - 3. Give d(r).
-3
Let s(c) be the third derivative of c**4/24 - 3*c**3 - 49*c**2. Give s(12).
-6
Let a(h) be the first derivative of h**4/4 + 3*h**3 + 9*h**2/2 + 6*h - 71. Let l(z) = -z**3 + 10*z**2 + 9*z + 14. Let b be l(11). Give a(b).
-2
Let a(g) be the third derivative of -1/24*g**4 + 1/6*g**3 - 1/60*g**5 + 0 + 0*g - 5*g**2. Suppose 8 = -2*q - 7*v + 3*v, -2*q = -5*v - 19. What is a(q)?
-5
Let w(q) = -104 + 4*q - 111 + 2*q**3 + 218. What is w(-2)?
-21
Let b(n) = -3*n**2 - 21*n - 8. Let t(s) = -s**2 - 8*s - 1. Let p(m) = -b(m) + t(m). What is p(-6)?
1
Suppose -3*s - y = -40, -13*s = -11*s + y - 25. Let b(v) = -v**2 + 15*v + 12. Give b(s).
12
Let x(o) = -o. Suppose 4*d + 3*y - 20 = 0, 4*d - 10*y = -6*y - 8. Suppose g + d = -1. Determine x(g).
3
Let t(m) be the third derivative of -m**5/12 + m**4/24 - m**2 + 2. Let n be 0 + (-1 + 3 - -3). Suppose 1 = i + n*o, 5*i + o + 2 = 7. Give t(i).
-4
Let o(v) = -3*v**2 + 0*v**2 + 6 - 2*v + 4*v + 4*v - v**3. Suppose 0 = 2*u - 4 + 12. Determine o(u).
-2
Suppose 2*w = -3*n + 2, -2*w - 2*n + 48 = 42. Let g(o) = -o**2 + 12*o - 28. Give g(w).
7
Let m = -446 + 455. Let j(c) = -c**2 + 9*c + 9. What is j(m)?
9
Suppose 19*n - 104 = -28. Let m(f) = f + 6. Give m(n).
10
Suppose 0 = -147*w + 140*w - 42. Let a(k) = -4*k - k**2 - k**2 + 8 + k**2 - k. What is a(w)?
2
Let c(o) = 69*o**3 - 18*o**2 + 204*o - 70*o**3 - 77 - 208*o. Determine c(-18).
-5
Let x(t) = t**2 - 6*t + 11. Let a be x(4). Suppose 0 = a*q - 5*q + 6. Let b(f) = f + 5*f**3 - 4*f**3 - 2 + 5*f - 12*f - q*f**2. What is b(5)?
18
Let f(g) = -7*g - 4. Let a = -62 - -71. Let p(w) = -3*w - 2. Let k(d) = a*p(d) - 4*f(d). Determine k(-3).
-5
Let o(b) = b**3 + 6*b**2 - 7*b + 7. Suppose 404 - 348 = -8*q. Calculate o(q).
7
Let w(c) = 4*c**3 + 2*c - 1. Let p(g) = g**3 + g. Let x(b) = 5*b**3 + b**2 + 4*b. Let j(d) = -2*p(d) + x(d). Let q(s) = -3*j(s) + 2*w(s). Calculate q(-2).
-2
Let v be 0*((-7)/(-3) - 2). Let z be (-4 + 4 - v)/(-4). Suppose -8*y + y - 28 = z. Let o(d) = -d**3 - 5*d**2 - 5*d. Determine o(y).
4
Let p(l) be the first derivative of -2*l**2 - 5 + 10*l - 1/3*l**3. Determine p(-7).
-11
Let i be ((-42)/(-15))/(14/35). Let t(m) = 2*m - 6. Determine t(i).
8
Let f = 7144 - 7145. Let r(v) = -5*v**2 + 1. Let y(w) = 16*w**2 - 3. Let d(z) = -11*r(z) - 4*y(z). Give d(f).
-8
Suppose -2 - 2 = -2*q. Suppose m - 10 = -4*i, 3*m = 4 + q. Suppose 4*y - h - 26 = 0, 0*y - i*h + 32 = 4*y. Let v(k) = k - 1. Give v(y).
6
Let n be (((-384)/(-40))/(-8))/((-4)/10). Let w(m) = -4 + 15 + 7*m - m**n - 5 + 6*m**2. Determine w(7).
6
Let y(j) be the third derivative 